{"id":156,"date":"2024-04-20T22:07:35","date_gmt":"2024-04-20T22:07:35","guid":{"rendered":"https:\/\/tilleria.cl\/?page_id=156"},"modified":"2024-04-23T19:56:34","modified_gmt":"2024-04-23T19:56:34","slug":"index2024","status":"publish","type":"page","link":"https:\/\/tilleria.cl\/","title":{"rendered":"index2024"},"content":{"rendered":"\t\t<div data-elementor-type=\"wp-page\" data-elementor-id=\"156\" class=\"elementor elementor-156\">\n\t\t\t\t<div class=\"elementor-element elementor-element-beca190 e-flex e-con-boxed e-con e-parent\" data-id=\"beca190\" data-element_type=\"container\" data-e-type=\"container\">\n\t\t\t\t\t<div class=\"e-con-inner\">\n\t\t<div class=\"elementor-element elementor-element-5aad7f6 e-con-full e-flex e-con e-child\" data-id=\"5aad7f6\" data-element_type=\"container\" data-e-type=\"container\">\n\t\t\t\t<\/div>\n\t\t<div class=\"elementor-element elementor-element-ba6df0b e-con-full e-flex e-con e-child\" data-id=\"ba6df0b\" data-element_type=\"container\" data-e-type=\"container\">\n\t\t\t\t<div class=\"elementor-element elementor-element-2cf247b elementor-tabs-view-horizontal elementor-widget elementor-widget-tabs\" data-id=\"2cf247b\" data-element_type=\"widget\" data-e-type=\"widget\" data-widget_type=\"tabs.default\">\n\t\t\t\t<div class=\"elementor-widget-container\">\n\t\t\t\t\t\t\t<div class=\"elementor-tabs\">\n\t\t\t<div class=\"elementor-tabs-wrapper\" role=\"tablist\" >\n\t\t\t\t\t\t\t\t\t<div id=\"elementor-tab-title-4711\" class=\"elementor-tab-title elementor-tab-desktop-title\" aria-selected=\"true\" data-tab=\"1\" role=\"tab\" tabindex=\"0\" aria-controls=\"elementor-tab-content-4711\" aria-expanded=\"false\">Espa\u00f1ol<\/div>\n\t\t\t\t\t\t\t\t\t<div id=\"elementor-tab-title-4712\" class=\"elementor-tab-title elementor-tab-desktop-title\" aria-selected=\"false\" data-tab=\"2\" role=\"tab\" tabindex=\"-1\" aria-controls=\"elementor-tab-content-4712\" aria-expanded=\"false\">English<\/div>\n\t\t\t\t\t\t\t<\/div>\n\t\t\t<div class=\"elementor-tabs-content-wrapper\" role=\"tablist\" aria-orientation=\"vertical\">\n\t\t\t\t\t\t\t\t\t<div class=\"elementor-tab-title elementor-tab-mobile-title\" aria-selected=\"true\" data-tab=\"1\" role=\"tab\" tabindex=\"0\" aria-controls=\"elementor-tab-content-4711\" aria-expanded=\"false\">Espa\u00f1ol<\/div>\n\t\t\t\t\t<div id=\"elementor-tab-content-4711\" class=\"elementor-tab-content elementor-clearfix\" data-tab=\"1\" role=\"tabpanel\" aria-labelledby=\"elementor-tab-title-4711\" tabindex=\"0\" hidden=\"false\"><p>Dise\u00f1ador gr\u00e1fico, ejerciendo la profesi\u00f3n desde 1998.<br \/>He trabajado en Agencias de Publicidad, Imprenta, Licencias, Dise\u00f1o editorial, Dise\u00f1o web, entre otros.<\/p><\/div>\n\t\t\t\t\t\t\t\t\t<div class=\"elementor-tab-title elementor-tab-mobile-title\" aria-selected=\"false\" data-tab=\"2\" role=\"tab\" tabindex=\"-1\" aria-controls=\"elementor-tab-content-4712\" aria-expanded=\"false\">English<\/div>\n\t\t\t\t\t<div id=\"elementor-tab-content-4712\" class=\"elementor-tab-content elementor-clearfix\" data-tab=\"2\" role=\"tabpanel\" aria-labelledby=\"elementor-tab-title-4712\" tabindex=\"0\" hidden=\"hidden\"><p>Graphic designer, practicing the profession since 1998.<br \/>I have worked in Advertising Agencies, Printing, Licensing, Editorial Design, and Web Design, among others.<\/p><\/div>\n\t\t\t\t\t\t\t<\/div>\n\t\t<\/div>\n\t\t\t\t\t\t<\/div>\n\t\t\t\t<\/div>\n\t\t\t\t<\/div>\n\t\t\t\t\t<\/div>\n\t\t\t\t<\/div>\n\t\t<div class=\"elementor-element elementor-element-31532b3 e-flex e-con-boxed e-con e-parent\" data-id=\"31532b3\" data-element_type=\"container\" data-e-type=\"container\">\n\t\t\t\t\t<div class=\"e-con-inner\">\n\t\t\t\t<div class=\"elementor-element elementor-element-17b8f07 elementor-widget elementor-widget-heading\" data-id=\"17b8f07\" data-element_type=\"widget\" data-e-type=\"widget\" data-widget_type=\"heading.default\">\n\t\t\t\t<div class=\"elementor-widget-container\">\n\t\t\t\t\t<h2 class=\"elementor-heading-title elementor-size-default\">Portafolio \/ Portfolio<\/h2>\t\t\t\t<\/div>\n\t\t\t\t<\/div>\n\t\t\t\t<div class=\"elementor-element elementor-element-4c5e1e8 elementor-grid-eael-col-4 elementor-grid-tablet-eael-col-2 elementor-grid-mobile-eael-col-1 elementor-widget elementor-widget-eael-post-grid\" data-id=\"4c5e1e8\" data-element_type=\"widget\" data-e-type=\"widget\" data-settings=\"{&quot;eael_post_grid_columns&quot;:&quot;eael-col-4&quot;,&quot;eael_post_grid_columns_tablet&quot;:&quot;eael-col-2&quot;,&quot;eael_post_grid_columns_mobile&quot;:&quot;eael-col-1&quot;}\" data-widget_type=\"eael-post-grid.default\">\n\t\t\t\t<div class=\"elementor-widget-container\">\n\t\t\t\t\t<div id=\"eael-post-grid-4c5e1e8\" class=\"eael-post-grid-container\">\n            <div class=\"eael-post-grid eael-post-appender eael-post-appender-4c5e1e8 eael-post-grid-style-one\" data-layout-mode=\"grid\"><article class=\"eael-grid-post  eael-post-grid-column eael-pg-post-435 category-diseno\" data-id=\"435\">\n        <div class=\"eael-grid-post-holder\">\n            <div class=\"eael-grid-post-holder-inner\"><div class=\"eael-entry-media\"><div class=\"eael-entry-overlay fade-in\"><i class=\"far fa-eye\" aria-hidden=\"true\"><\/i><a href=\"https:\/\/tilleria.cl\/index.php\/2024\/04\/24\/issask-iwama-shinshin-aiki-shuren-kai\/\"><\/a><\/div><div class=\"eael-entry-thumbnail \">\n                <img fetchpriority=\"high\" decoding=\"async\" width=\"300\" height=\"300\" src=\"https:\/\/tilleria.cl\/wp-content\/uploads\/2024\/04\/logoAikido.svg\" class=\"attachment-medium size-medium wp-image-434\" alt=\"\" \/>\n            <\/div>\n        <\/div><\/div>\n        <\/div>\n    <\/article><article class=\"eael-grid-post  eael-post-grid-column eael-pg-post-414 category-diseno\" data-id=\"414\">\n        <div class=\"eael-grid-post-holder\">\n            <div class=\"eael-grid-post-holder-inner\"><div class=\"eael-entry-media\"><div class=\"eael-entry-overlay fade-in\"><i class=\"far fa-eye\" aria-hidden=\"true\"><\/i><a href=\"https:\/\/tilleria.cl\/index.php\/2024\/04\/24\/opticas-nexus\/\"><\/a><\/div><div class=\"eael-entry-thumbnail \">\n                <img decoding=\"async\" width=\"300\" height=\"300\" src=\"https:\/\/tilleria.cl\/wp-content\/uploads\/2024\/04\/nexusPerfilrrss-300x300.jpg\" class=\"attachment-medium size-medium wp-image-402\" alt=\"\" srcset=\"https:\/\/tilleria.cl\/wp-content\/uploads\/2024\/04\/nexusPerfilrrss-300x300.jpg 300w, https:\/\/tilleria.cl\/wp-content\/uploads\/2024\/04\/nexusPerfilrrss-150x150.jpg 150w, https:\/\/tilleria.cl\/wp-content\/uploads\/2024\/04\/nexusPerfilrrss.jpg 500w\" sizes=\"(max-width: 300px) 100vw, 300px\" \/>\n            <\/div>\n        <\/div><\/div>\n        <\/div>\n    <\/article><article class=\"eael-grid-post  eael-post-grid-column eael-pg-post-383 category-diseno\" data-id=\"383\">\n        <div class=\"eael-grid-post-holder\">\n            <div class=\"eael-grid-post-holder-inner\"><div class=\"eael-entry-media\"><div class=\"eael-entry-overlay fade-in\"><i class=\"far fa-eye\" aria-hidden=\"true\"><\/i><a href=\"https:\/\/tilleria.cl\/index.php\/2024\/04\/23\/mintrab-ministerio-del-trabajo\/\"><\/a><\/div><div class=\"eael-entry-thumbnail \">\n                <img decoding=\"async\" width=\"300\" height=\"300\" src=\"https:\/\/tilleria.cl\/wp-content\/uploads\/2024\/04\/logoMINTRAB-300x300.jpg\" class=\"attachment-medium size-medium wp-image-385\" alt=\"\" srcset=\"https:\/\/tilleria.cl\/wp-content\/uploads\/2024\/04\/logoMINTRAB-300x300.jpg 300w, https:\/\/tilleria.cl\/wp-content\/uploads\/2024\/04\/logoMINTRAB-150x150.jpg 150w, https:\/\/tilleria.cl\/wp-content\/uploads\/2024\/04\/logoMINTRAB.jpg 600w\" sizes=\"(max-width: 300px) 100vw, 300px\" \/>\n            <\/div>\n        <\/div><\/div>\n        <\/div>\n    <\/article><article class=\"eael-grid-post  eael-post-grid-column eael-pg-post-370 category-diseno\" data-id=\"370\">\n        <div class=\"eael-grid-post-holder\">\n            <div class=\"eael-grid-post-holder-inner\"><div class=\"eael-entry-media\"><div class=\"eael-entry-overlay fade-in\"><i class=\"far fa-eye\" aria-hidden=\"true\"><\/i><a href=\"https:\/\/tilleria.cl\/index.php\/2024\/04\/23\/innovarte\/\"><\/a><\/div><div class=\"eael-entry-thumbnail \">\n                <img loading=\"lazy\" decoding=\"async\" width=\"300\" height=\"300\" src=\"https:\/\/tilleria.cl\/wp-content\/uploads\/2024\/04\/logoInnovarteCorporacion2014-300x300.jpg\" class=\"attachment-medium size-medium wp-image-358\" alt=\"\" srcset=\"https:\/\/tilleria.cl\/wp-content\/uploads\/2024\/04\/logoInnovarteCorporacion2014-300x300.jpg 300w, https:\/\/tilleria.cl\/wp-content\/uploads\/2024\/04\/logoInnovarteCorporacion2014-150x150.jpg 150w, https:\/\/tilleria.cl\/wp-content\/uploads\/2024\/04\/logoInnovarteCorporacion2014.jpg 600w\" sizes=\"(max-width: 300px) 100vw, 300px\" \/>\n            <\/div>\n        <\/div><\/div>\n        <\/div>\n    <\/article><article class=\"eael-grid-post  eael-post-grid-column eael-pg-post-320 category-diseno\" data-id=\"320\">\n        <div class=\"eael-grid-post-holder\">\n            <div class=\"eael-grid-post-holder-inner\"><div class=\"eael-entry-media\"><div class=\"eael-entry-overlay fade-in\"><i class=\"far fa-eye\" aria-hidden=\"true\"><\/i><a href=\"https:\/\/tilleria.cl\/index.php\/2024\/04\/23\/gente-verde\/\"><\/a><\/div><div class=\"eael-entry-thumbnail \">\n                <img loading=\"lazy\" decoding=\"async\" width=\"300\" height=\"300\" src=\"https:\/\/tilleria.cl\/wp-content\/uploads\/2024\/04\/logoGenteVerde-300x300.jpg\" class=\"attachment-medium size-medium wp-image-334\" alt=\"\" srcset=\"https:\/\/tilleria.cl\/wp-content\/uploads\/2024\/04\/logoGenteVerde-300x300.jpg 300w, https:\/\/tilleria.cl\/wp-content\/uploads\/2024\/04\/logoGenteVerde-150x150.jpg 150w, https:\/\/tilleria.cl\/wp-content\/uploads\/2024\/04\/logoGenteVerde.jpg 600w\" sizes=\"(max-width: 300px) 100vw, 300px\" \/>\n            <\/div>\n        <\/div><\/div>\n        <\/div>\n    <\/article><article class=\"eael-grid-post  eael-post-grid-column eael-pg-post-239 category-diseno\" data-id=\"239\">\n        <div class=\"eael-grid-post-holder\">\n            <div class=\"eael-grid-post-holder-inner\"><div class=\"eael-entry-media\"><div class=\"eael-entry-overlay fade-in\"><i class=\"far fa-eye\" aria-hidden=\"true\"><\/i><a href=\"https:\/\/tilleria.cl\/index.php\/2024\/04\/22\/centro-de-estudios-psicodrama-de-chile\/\"><\/a><\/div><div class=\"eael-entry-thumbnail \">\n                <img loading=\"lazy\" decoding=\"async\" width=\"300\" height=\"300\" src=\"https:\/\/tilleria.cl\/wp-content\/uploads\/2024\/04\/logoCEP.svg\" class=\"attachment-medium size-medium wp-image-238\" alt=\"\" \/>\n            <\/div>\n        <\/div><\/div>\n        <\/div>\n    <\/article><article class=\"eael-grid-post  eael-post-grid-column eael-pg-post-180 category-diseno\" data-id=\"180\">\n        <div class=\"eael-grid-post-holder\">\n            <div class=\"eael-grid-post-holder-inner\"><div class=\"eael-entry-media\"><div class=\"eael-entry-overlay fade-in\"><i class=\"far fa-eye\" aria-hidden=\"true\"><\/i><a href=\"https:\/\/tilleria.cl\/index.php\/2024\/04\/22\/b-o-b-la-revista-canina\/\"><\/a><\/div><div class=\"eael-entry-thumbnail \">\n                <img loading=\"lazy\" decoding=\"async\" width=\"300\" height=\"300\" src=\"https:\/\/tilleria.cl\/wp-content\/uploads\/2024\/04\/logoBOB-300x300.jpg\" class=\"attachment-medium size-medium wp-image-193\" alt=\"\" srcset=\"https:\/\/tilleria.cl\/wp-content\/uploads\/2024\/04\/logoBOB-300x300.jpg 300w, https:\/\/tilleria.cl\/wp-content\/uploads\/2024\/04\/logoBOB-150x150.jpg 150w, https:\/\/tilleria.cl\/wp-content\/uploads\/2024\/04\/logoBOB.jpg 600w\" sizes=\"(max-width: 300px) 100vw, 300px\" \/>\n            <\/div>\n        <\/div><\/div>\n        <\/div>\n    <\/article><article class=\"eael-grid-post  eael-post-grid-column eael-pg-post-87 category-diseno\" data-id=\"87\">\n        <div class=\"eael-grid-post-holder\">\n            <div class=\"eael-grid-post-holder-inner\"><div class=\"eael-entry-media\"><div class=\"eael-entry-overlay fade-in\"><i class=\"far fa-eye\" aria-hidden=\"true\"><\/i><a href=\"https:\/\/tilleria.cl\/index.php\/2024\/04\/20\/aiki-shuren-dojo-chile\/\"><\/a><\/div><div class=\"eael-entry-thumbnail \">\n                <img loading=\"lazy\" decoding=\"async\" width=\"300\" height=\"300\" src=\"https:\/\/tilleria.cl\/wp-content\/uploads\/2024\/04\/ASDClogo.svg\" class=\"attachment-medium size-medium wp-image-89\" alt=\"\" \/>\n            <\/div>\n        <\/div><\/div>\n        <\/div>\n    <\/article><article class=\"eael-grid-post  eael-post-grid-column eael-pg-post-21 category-diseno\" data-id=\"21\">\n        <div class=\"eael-grid-post-holder\">\n            <div class=\"eael-grid-post-holder-inner\"><div class=\"eael-entry-media\"><div class=\"eael-entry-overlay fade-in\"><i class=\"far fa-eye\" aria-hidden=\"true\"><\/i><a href=\"https:\/\/tilleria.cl\/index.php\/2024\/04\/19\/12-sentidos\/\"><\/a><\/div><div class=\"eael-entry-thumbnail \">\n                <img loading=\"lazy\" decoding=\"async\" width=\"300\" height=\"300\" src=\"https:\/\/tilleria.cl\/wp-content\/uploads\/2024\/04\/12Sentlogo12Sentidos-300x300.jpg\" class=\"attachment-medium size-medium wp-image-23\" alt=\"\" srcset=\"https:\/\/tilleria.cl\/wp-content\/uploads\/2024\/04\/12Sentlogo12Sentidos-300x300.jpg 300w, https:\/\/tilleria.cl\/wp-content\/uploads\/2024\/04\/12Sentlogo12Sentidos-150x150.jpg 150w, https:\/\/tilleria.cl\/wp-content\/uploads\/2024\/04\/12Sentlogo12Sentidos-768x768.jpg 768w, https:\/\/tilleria.cl\/wp-content\/uploads\/2024\/04\/12Sentlogo12Sentidos.jpg 800w\" sizes=\"(max-width: 300px) 100vw, 300px\" \/>\n            <\/div>\n        <\/div><\/div>\n        <\/div>\n    <\/article><\/div>\n            <div class=\"clearfix\"><\/div>\n        <\/div>\t\t\t\t<\/div>\n\t\t\t\t<\/div>\n\t\t\t\t\t<\/div>\n\t\t\t\t<\/div>\n\t\t\t\t<\/div>\n\t\t","protected":false},"excerpt":{"rendered":"<p>Espa\u00f1ol English Espa\u00f1ol Dise\u00f1ador gr\u00e1fico, ejerciendo la profesi\u00f3n desde 1998.He trabajado en Agencias de Publicidad, Imprenta, Licencias, Dise\u00f1o editorial, Dise\u00f1o web, entre otros. English Graphic designer, practicing the profession since 1998.I have worked in Advertising Agencies, Printing, Licensing, Editorial Design, and Web Design, among others. Portafolio \/ Portfolio<\/p>\n","protected":false},"author":1,"featured_media":0,"parent":0,"menu_order":5,"comment_status":"closed","ping_status":"closed","template":"","meta":{"inline_featured_image":false,"site-sidebar-layout":"no-sidebar","site-content-layout":"","ast-site-content-layout":"full-width-container","site-content-style":"default","site-sidebar-style":"default","ast-global-header-display":"","ast-banner-title-visibility":"","ast-main-header-display":"","ast-hfb-above-header-display":"","ast-hfb-below-header-display":"","ast-hfb-mobile-header-display":"","site-post-title":"disabled","ast-breadcrumbs-content":"","ast-featured-img":"disabled","footer-sml-layout":"","ast-disable-related-posts":"","theme-transparent-header-meta":"","adv-header-id-meta":"","stick-header-meta":"","header-above-stick-meta":"","header-main-stick-meta":"","header-below-stick-meta":"","astra-migrate-meta-layouts":"default","ast-page-background-enabled":"default","ast-page-background-meta":{"desktop":{"background-color":"var(--ast-global-color-4)","background-image":"","background-repeat":"repeat","background-position":"center center","background-size":"auto","background-attachment":"scroll","background-type":"","background-media":"","overlay-type":"","overlay-color":"","overlay-opacity":"","overlay-gradient":""},"tablet":{"background-color":"","background-image":"","background-repeat":"repeat","background-position":"center center","background-size":"auto","background-attachment":"scroll","background-type":"","background-media":"","overlay-type":"","overlay-color":"","overlay-opacity":"","overlay-gradient":""},"mobile":{"background-color":"","background-image":"","background-repeat":"repeat","background-position":"center center","background-size":"auto","background-attachment":"scroll","background-type":"","background-media":"","overlay-type":"","overlay-color":"","overlay-opacity":"","overlay-gradient":""}},"ast-content-background-meta":{"desktop":{"background-color":"var(--ast-global-color-5)","background-image":"","background-repeat":"repeat","background-position":"center center","background-size":"auto","background-attachment":"scroll","background-type":"","background-media":"","overlay-type":"","overlay-color":"","overlay-opacity":"","overlay-gradient":""},"tablet":{"background-color":"var(--ast-global-color-5)","background-image":"","background-repeat":"repeat","background-position":"center center","background-size":"auto","background-attachment":"scroll","background-type":"","background-media":"","overlay-type":"","overlay-color":"","overlay-opacity":"","overlay-gradient":""},"mobile":{"background-color":"var(--ast-global-color-5)","background-image":"","background-repeat":"repeat","background-position":"center center","background-size":"auto","background-attachment":"scroll","background-type":"","background-media":"","overlay-type":"","overlay-color":"","overlay-opacity":"","overlay-gradient":""}},"footnotes":""},"class_list":["post-156","page","type-page","status-publish","hentry"],"_links":{"self":[{"href":"https:\/\/tilleria.cl\/index.php\/wp-json\/wp\/v2\/pages\/156","targetHints":{"allow":["GET"]}}],"collection":[{"href":"https:\/\/tilleria.cl\/index.php\/wp-json\/wp\/v2\/pages"}],"about":[{"href":"https:\/\/tilleria.cl\/index.php\/wp-json\/wp\/v2\/types\/page"}],"author":[{"embeddable":true,"href":"https:\/\/tilleria.cl\/index.php\/wp-json\/wp\/v2\/users\/1"}],"replies":[{"embeddable":true,"href":"https:\/\/tilleria.cl\/index.php\/wp-json\/wp\/v2\/comments?post=156"}],"version-history":[{"count":16,"href":"https:\/\/tilleria.cl\/index.php\/wp-json\/wp\/v2\/pages\/156\/revisions"}],"predecessor-version":[{"id":355,"href":"https:\/\/tilleria.cl\/index.php\/wp-json\/wp\/v2\/pages\/156\/revisions\/355"}],"wp:attachment":[{"href":"https:\/\/tilleria.cl\/index.php\/wp-json\/wp\/v2\/media?parent=156"}],"curies":[{"name":"wp","href":"https:\/\/api.w.org\/{rel}","templated":true}]}}